{"id":2,"date":"2024-02-15T08:30:35","date_gmt":"2024-02-15T08:30:35","guid":{"rendered":"https:\/\/zwamiidlawas.pl\/?page_id=2"},"modified":"2024-02-15T15:25:25","modified_gmt":"2024-02-15T15:25:25","slug":"sample-page","status":"publish","type":"page","link":"https:\/\/zwamiidlawas.pl\/index.php\/sample-page\/","title":{"rendered":"Program wyborczy"},"content":{"rendered":"\n<h2 class=\"wp-block-heading\">Nasze otoczenie to nasze dziedzictwo<\/h2>\n\n\n\n<ul class=\"wp-block-list\">\n<li>Rewitalizacja centrum miasta.<\/li>\n\n\n\n<li>Rewitalizacja jeziora Drawsko.<\/li>\n\n\n\n<li>Zagospodarowanie nabrze\u017ca jeziora Drawsko (pla\u017ca, taras widokowy, parkingi, slipy, ma\u0142a infrastruktura).<\/li>\n\n\n\n<li>Zagospodarowanie jeziora Czaplino \u2013 budowa \u015bcie\u017cki pieszo \u2013 rowerowej wok\u00f3\u0142 jeziora oraz miejsc wypoczynku i rekreacji.<\/li>\n\n\n\n<li>Racjonalna gospodarka rybacka w jeziorach na terenie gminy &#8211; zarybienia.<\/li>\n\n\n\n<li>Odnowienie parku przy ulicy Wa\u0142eckiej.<\/li>\n\n\n\n<li>Zagospodarowanie teren\u00f3w zielonych w mie\u015bcie i gminie.<\/li>\n\n\n\n<li>Ograniczenie populacji kormorana czarnego.<\/li>\n<\/ul>\n\n\n\n<h2 class=\"wp-block-heading\">Jako\u015b\u0107 \u017cycia mieszka\u0144c\u00f3w<\/h2>\n\n\n\n<ul class=\"wp-block-list\">\n<li>Przyjazny Urz\u0105d, przyjazne instytucje.<\/li>\n\n\n\n<li>Dom dziennego pobytu dla senior\u00f3w oraz utworzenie kolejnego Klubu Senior+ w mie\u015bcie oraz na terenie gminy.<\/li>\n\n\n\n<li>Utworzenie program\u00f3w stypendialnych dla uzdolnionej m\u0142odzie\u017cy w nauce, kulturze i sporcie.<\/li>\n\n\n\n<li>Utworzenie Centrum Organizacji Pozarz\u0105dowych.<\/li>\n\n\n\n<li>Gminny program wsparcia termomodernizacji budynk\u00f3w mieszkalnych.<\/li>\n\n\n\n<li>Uporz\u0105dkowanie gospodarki \u015bciekowej na terenie gminy.<\/li>\n\n\n\n<li>Czysta Gmina.<\/li>\n<\/ul>\n\n\n\n<h2 class=\"wp-block-heading\">W\u0142\u0105czenie mieszka\u0144c\u00f3w w podejmowanie decyzji<\/h2>\n\n\n\n<ul class=\"wp-block-list\">\n<li>Wzmocnienie lokalnego rynku pracy, powo\u0142anie Gminnej Rady Przedsi\u0119biorc\u00f3w.<\/li>\n\n\n\n<li>Zwi\u0119kszenie udzia\u0142u organizacji spo\u0142ecznych w \u017cyciu gminy.<\/li>\n\n\n\n<li>Rady So\u0142eckie silnymi partnerami w poprawie jako\u015bci \u017cycia mieszka\u0144c\u00f3w.<\/li>\n\n\n\n<li>Rzeczywisty udzia\u0142 mieszka\u0144c\u00f3w w planowaniu inwestycji gminnych.<\/li>\n\n\n\n<li>Utworzenie Rady Senior\u00f3w i Rady M\u0142odzie\u017cy, dla zaplanowania ich przysz\u0142o\u015bci.<\/li>\n<\/ul>\n\n\n\n<h2 class=\"wp-block-heading\">Potrzeby mieszka\u0144c\u00f3w kszta\u0142tuj\u0105 gmin\u0119<\/h2>\n\n\n\n<ul class=\"wp-block-list\">\n<li>Mieszkania dla naszych rodzin, szans\u0105 na rozw\u00f3j gminy.<\/li>\n\n\n\n<li>Przygotowanie pakietu wsparcia dla firm oraz os\u00f3b rozpoczynaj\u0105cych dzia\u0142alno\u015b\u0107 gospodarcz\u0105.<\/li>\n\n\n\n<li>Wprowadzenie nowych linii autobusowych, przyst\u0105pienie do programu \u201eTransport na \u017cyczenie\u201d.<\/li>\n\n\n\n<li>Likwidacja barier architektonicznych dla os\u00f3b niepe\u0142nosprawnych.<\/li>\n\n\n\n<li>Lokalne ryneczki, szans\u0105 na sprzeda\u017c i promocj\u0119 produkt\u00f3w lokalnych.<\/li>\n\n\n\n<li>Program ograniczania bezdomno\u015bci zwierz\u0105t \u2013 wsp\u00f3lny projekt z Powiatem Drawskim budowy schroniska dla zwierz\u0105t.<\/li>\n<\/ul>\n\n\n\n<h2 class=\"wp-block-heading\">Nasze bezpiecze\u0144stwo<\/h2>\n\n\n\n<ul class=\"wp-block-list\">\n<li>Oznakowanie i do\u015bwietlenie przej\u015b\u0107 dla pieszych.<\/li>\n\n\n\n<li>Remont dr\u00f3g i chodnik\u00f3w.<\/li>\n\n\n\n<li>Budowa \u015bcie\u017cek pieszo-rowerowych.<\/li>\n\n\n\n<li>Mierniki pr\u0119dko\u015bci w wybranych miejscowo\u015bciach.<\/li>\n\n\n\n<li>Do\u015bwietlenie teren\u00f3w wiejskich.<\/li>\n\n\n\n<li>Budowa stacji pogodowej na terenie gminy.<\/li>\n\n\n\n<li>Og\u00f3lnodost\u0119pne poczekalnie na dworcach PKS i PKP.<\/li>\n<\/ul>\n\n\n\n<h2 class=\"wp-block-heading\">Kultura, sport, turystyka, rekreacja<\/h2>\n\n\n\n<ul class=\"wp-block-list\">\n<li>Budowa skateparku w Czaplinku.<\/li>\n\n\n\n<li>Budowa pumptracku w Czaplinku.<\/li>\n\n\n\n<li>Budowa i modernizacja plac\u00f3w zabaw w mie\u015bcie i gminie.<\/li>\n\n\n\n<li>Wioska Templariuszy i Got\u00f3w.<\/li>\n\n\n\n<li>Reorganizacja i modernizacja O\u015brodka Sport\u00f3w Wodnych nad jeziorem Drawsko.<\/li>\n\n\n\n<li>Widowiska, spektakle, koncerty, wydarzenia sportowe, tak\u017ce z wykorzystaniem amfiteatru i lotniska w Broczynie.<\/li>\n\n\n\n<li>Przegl\u0105d m\u0142odych talent\u00f3w.<\/li>\n\n\n\n<li>Utworzenie kina kameralnego.<\/li>\n\n\n\n<li>Utworzenie galerii dla lokalnych artyst\u00f3w.<\/li>\n<\/ul>\n\n\n\n<blockquote class=\"wp-block-quote is-layout-flow wp-block-quote-is-layout-flow\">\n<p>Has\u0142o \u201eZ Wami i dla Was\u201d jednoznacznie wskazuje na to, \u017ce najwa\u017cniejsi dla nas jeste\u015bcie Wy i Wasze sprawy. Chcemy by\u0107 blisko Mieszka\u0144c\u00f3w Gminy, ws\u0142uchiwa\u0107 si\u0119 w ich g\u0142osy i pracowa\u0107 na ich rzecz. Liczymy na Pa\u0144stwa poparcie i oddane g\u0142osy.<\/p>\n<cite>Kandydaci KWW Katarzyna Szlo\u0144ska-Getka<\/cite><\/blockquote>\n","protected":false},"excerpt":{"rendered":"<p>Nasze otoczenie to nasze dziedzictwo Jako\u015b\u0107 \u017cycia mieszka\u0144c\u00f3w W\u0142\u0105czenie mieszka\u0144c\u00f3w w podejmowanie decyzji Potrzeby mieszka\u0144c\u00f3w kszta\u0142tuj\u0105 gmin\u0119 Nasze bezpiecze\u0144stwo Kultura, sport, turystyka, rekreacja Has\u0142o \u201eZ Wami i dla Was\u201d jednoznacznie wskazuje na to, \u017ce najwa\u017cniejsi dla nas jeste\u015bcie Wy i Wasze sprawy. Chcemy by\u0107 blisko Mieszka\u0144c\u00f3w Gminy, ws\u0142uchiwa\u0107 si\u0119 w ich g\u0142osy i pracowa\u0107 na&#8230;<\/p>\n","protected":false},"author":1,"featured_media":0,"parent":0,"menu_order":0,"comment_status":"closed","ping_status":"open","template":"","meta":{"_kad_blocks_custom_css":"","_kad_blocks_head_custom_js":"","_kad_blocks_body_custom_js":"","_kad_blocks_footer_custom_js":"","_kadence_starter_templates_imported_post":false,"_kad_post_transparent":"","_kad_post_title":"","_kad_post_layout":"","_kad_post_sidebar_id":"","_kad_post_content_style":"","_kad_post_vertical_padding":"","_kad_post_feature":"","_kad_post_feature_position":"","_kad_post_header":false,"_kad_post_footer":false,"_kad_post_classname":"","footnotes":""},"class_list":["post-2","page","type-page","status-publish","hentry"],"taxonomy_info":[],"featured_image_src_large":false,"author_info":{"display_name":"admin","author_link":"https:\/\/zwamiidlawas.pl\/index.php\/author\/admin\/"},"comment_info":0,"_links":{"self":[{"href":"https:\/\/zwamiidlawas.pl\/index.php\/wp-json\/wp\/v2\/pages\/2","targetHints":{"allow":["GET"]}}],"collection":[{"href":"https:\/\/zwamiidlawas.pl\/index.php\/wp-json\/wp\/v2\/pages"}],"about":[{"href":"https:\/\/zwamiidlawas.pl\/index.php\/wp-json\/wp\/v2\/types\/page"}],"author":[{"embeddable":true,"href":"https:\/\/zwamiidlawas.pl\/index.php\/wp-json\/wp\/v2\/users\/1"}],"replies":[{"embeddable":true,"href":"https:\/\/zwamiidlawas.pl\/index.php\/wp-json\/wp\/v2\/comments?post=2"}],"version-history":[{"count":3,"href":"https:\/\/zwamiidlawas.pl\/index.php\/wp-json\/wp\/v2\/pages\/2\/revisions"}],"predecessor-version":[{"id":105,"href":"https:\/\/zwamiidlawas.pl\/index.php\/wp-json\/wp\/v2\/pages\/2\/revisions\/105"}],"wp:attachment":[{"href":"https:\/\/zwamiidlawas.pl\/index.php\/wp-json\/wp\/v2\/media?parent=2"}],"curies":[{"name":"wp","href":"https:\/\/api.w.org\/{rel}","templated":true}]}}